{"id":663,"date":"2023-12-20T09:03:43","date_gmt":"2023-12-20T09:03:43","guid":{"rendered":"https:\/\/venomcars.pl\/?page_id=663"},"modified":"2024-05-14T11:32:25","modified_gmt":"2024-05-14T11:32:25","slug":"wynajem-porsche-cayman","status":"publish","type":"page","link":"https:\/\/venomcars.pl\/?page_id=663","title":{"rendered":"Wynajem Porsche CAYMAN"},"content":{"rendered":"<section class=\"bde-section-663-100 bde-section\">\n          \n          \n  \n\t\n\n\n\n<div class=\"section-container\"><div class=\"bde-div-663-103 bde-div\">\n          \n          \n  \n\t\n\n\n\n<h1 class=\"bde-heading-663-101 bde-heading\">\n          \n          Wynajem Porsche CAYMAN\n         <\/h1><div class=\"bde-image-663-105 bde-image sem-img\">\n          \n           \n\n\n\n\n\n<figure class=\"breakdance-image breakdance-image--602\">\n\t<div class=\"breakdance-image-container\">\n\t\t<div class=\"breakdance-image-clip\">\n\t\t\t\n\t\t\t\t\n\t\t\t\t\t      \n  \n  \n  \n  \n      \n      <img decoding=\"async\"\n      class=\"breakdance-image-object\"\n      src=\"https:\/\/venomcars.pl\/wp-content\/uploads\/IMG_08551.jpg\"\n      width=\"733\"\n      height=\"488\"\n      alt=\"Wypo\u017cyczalnia Porsche CAYMAN \u2013 Venom Cars\"\n      loading=\"lazy\"\n              srcset=\"https:\/\/venomcars.pl\/wp-content\/uploads\/IMG_08551.jpg 733w, https:\/\/venomcars.pl\/wp-content\/uploads\/IMG_08551-300x200.jpg 300w\"\n              sizes=\"auto, (max-width: 733px) 100vw, 733px\"\n          >\n  \n\n\t\t\t\t\t\n\t\t\t\t\t\t<\/div>\n\t<\/div>\n\n\t<\/figure>\n\n         <\/div>\n         <\/div><div class=\"bde-rich-text-663-106 bde-rich-text breakdance-rich-text-styles\">\n          \n          <p>Szukasz wyj\u0105tkowych wra\u017ce\u0144 za kierownic\u0105 samochodu? Zdecyduj si\u0119 na wynajem Porsche Cayman! To legendarne auto z pewno\u015bci\u0105 oka\u017ce si\u0119 spe\u0142nieniem Twoich marze\u0144. Polecamy je wszystkim fanom motoryzacji i szybkiej, dynamicznej jazdy. W naszej wypo\u017cyczalni mo\u017cesz liczy\u0107 na korzystne warunki wsp\u00f3\u0142pracy i szeroki wyb\u00f3r luksusowych pojazd\u00f3w. Sprawd\u017a, dlaczego warto postawi\u0107 na Porsche Cayman i jego udogodnienia.<\/p>\n         <\/div><div class=\"bde-form-builder-663-102 bde-form-builder\">\n          \n          \n          \n          \n<form id=\"contact-form102\" class=\"breakdance-form breakdance-form--vertical \" data-options=\"{&quot;slug&quot;:&quot;custom&quot;,&quot;name&quot;:&quot;Contact Form&quot;,&quot;ajaxUrl&quot;:&quot;https:\\\/\\\/venomcars.pl\\\/wp-admin\\\/admin-ajax.php&quot;,&quot;clearOnSuccess&quot;:true,&quot;hideOnSuccess&quot;:false,&quot;successMessage&quot;:&quot;Twoja rezerwacja zosta\\u0142a wys\\u0142ana, niebawem si\\u0119 odezwiemy w celu potwierdzenia.&quot;,&quot;errorMessage&quot;:&quot;Co\\u015b posz\\u0142o nie tak&quot;,&quot;redirect&quot;:false,&quot;redirectUrl&quot;:null,&quot;customJavaScript&quot;:null,&quot;recaptcha&quot;:{&quot;key&quot;:&quot;6Lc_sK0kAAAAALs3BcvlDZlemsAblS1EltmsjQmm&quot;,&quot;enabled&quot;:true},&quot;honeypot_enabled&quot;:false,&quot;popupsOnSuccess&quot;:[],&quot;popupsOnError&quot;:[]}\" data-steps=\"0\" >\n  \n  \n  \n          \n          <div class=\"breakdance-form-field breakdance-form-field--select\" >\n    \n            <label class=\"breakdance-form-field__label\" for=\"zyadwo\">\n            Wybierz pojazd<span class=\"breakdance-form-field__required\">*<\/span><\/span>\n        <\/label>\n    \n    <select\n    class=\"breakdance-form-field__input\"\n    id=\"zyadwo\"\n    name=\"fields[zyadwo]\"\n    required\n    \n        >\n      <option value=\"\">Select...<\/option>\n          <option value=\"Porsche CAYMAN\" selected>Porsche CAYMAN<\/option>\n  <\/select>\n\n\n    \n    \n<\/div>\n\n         \n          \n          <div class=\"breakdance-form-field breakdance-form-field--date\" >\n    \n            <label class=\"breakdance-form-field__label\" for=\"wspecr\">\n            Data odbioru<span class=\"breakdance-form-field__required\">*<\/span><\/span>\n        <\/label>\n    \n    <input\n    class=\"breakdance-form-field__input\"\n    id=\"wspecr\"\n    aria-describedby=\"wspecr\"\n    type=\"date\"\n    name=\"fields[wspecr]\"\n    placeholder=\"\"\n    value=\"\"\n        \n    \n    \n    required\n    \n    \n>\n\n\n    \n    \n<\/div>\n\n         \n          \n          <div class=\"breakdance-form-field breakdance-form-field--date\" >\n    \n            <label class=\"breakdance-form-field__label\" for=\"uheojv\">\n            Data oddania<span class=\"breakdance-form-field__required\">*<\/span><\/span>\n        <\/label>\n    \n    <input\n    class=\"breakdance-form-field__input\"\n    id=\"uheojv\"\n    aria-describedby=\"uheojv\"\n    type=\"date\"\n    name=\"fields[uheojv]\"\n    placeholder=\"\"\n    value=\"\"\n        \n    \n    \n    required\n    \n    \n>\n\n\n    \n    \n<\/div>\n\n         \n          \n          <div class=\"breakdance-form-field breakdance-form-field--checkbox\" >\n    \n    \n        <div class=\"breakdance-form-checkbox\">\n        <input\n            type=\"checkbox\"\n            name=\"fields[mlsfeq]\"\n            value=\"Mam kod promocyjny\"\n            id=\"mlsfeq-1\"\n            \n                    >\n        <label class=\"breakdance-form-checkbox__text\" for=\"mlsfeq-1\">Mam kod promocyjny<\/label>\n    <\/div>\n\n\n    \n    \n<\/div>\n\n         \n          \n          <div class=\"breakdance-form-field breakdance-form-field--text\" >\n    \n    \n    <input\n    class=\"breakdance-form-field__input\"\n    id=\"iqkrtg\"\n    aria-describedby=\"iqkrtg\"\n    type=\"text\"\n    name=\"fields[iqkrtg]\"\n    placeholder=\"Wpisz sw\u00f3j kod\"\n    value=\"\"\n          data-conditional-field-id=\"mlsfeq\"\n              data-conditional-value=\"\"\n            data-conditional-operand=\"is set\"\n        \n    \n    \n    \n    \n    \n>\n\n\n    \n    \n<\/div>\n\n         \n          \n          <div class=\"breakdance-form-field breakdance-form-field--text\" >\n    \n            <label class=\"breakdance-form-field__label\" for=\"name\">\n            Imi\u0119<span class=\"breakdance-form-field__required\">*<\/span><\/span>\n        <\/label>\n    \n    <input\n    class=\"breakdance-form-field__input\"\n    id=\"name\"\n    aria-describedby=\"name\"\n    type=\"text\"\n    name=\"fields[name]\"\n    placeholder=\"\"\n    value=\"\"\n        \n    \n    \n    required\n    \n    \n>\n\n\n    \n    \n<\/div>\n\n         \n          \n          <div class=\"breakdance-form-field breakdance-form-field--text\" >\n    \n            <label class=\"breakdance-form-field__label\" for=\"obgoee\">\n            Nazwisko<span class=\"breakdance-form-field__required\">*<\/span><\/span>\n        <\/label>\n    \n    <input\n    class=\"breakdance-form-field__input\"\n    id=\"obgoee\"\n    aria-describedby=\"obgoee\"\n    type=\"text\"\n    name=\"fields[obgoee]\"\n    placeholder=\"\"\n    value=\"\"\n        \n    \n    \n    required\n    \n    \n>\n\n\n    \n    \n<\/div>\n\n         \n          \n          <div class=\"breakdance-form-field breakdance-form-field--email\" >\n    \n            <label class=\"breakdance-form-field__label\" for=\"email\">\n            Email<span class=\"breakdance-form-field__required\">*<\/span><\/span>\n        <\/label>\n    \n    <input\n    class=\"breakdance-form-field__input\"\n    id=\"email\"\n    aria-describedby=\"email\"\n    type=\"email\"\n    name=\"fields[email]\"\n    placeholder=\"\"\n    value=\"\"\n        \n    \n    \n    required\n    \n    \n>\n\n\n    \n    \n<\/div>\n\n         \n          \n          <div class=\"breakdance-form-field breakdance-form-field--tel\" >\n    \n            <label class=\"breakdance-form-field__label\" for=\"vqxllt\">\n            Telefon<span class=\"breakdance-form-field__required\">*<\/span><\/span>\n        <\/label>\n    \n    <input\n    class=\"breakdance-form-field__input\"\n    id=\"vqxllt\"\n    aria-describedby=\"vqxllt\"\n    type=\"tel\"\n    name=\"fields[vqxllt]\"\n    placeholder=\"\"\n    value=\"\"\n        \n    \n    \n    required\n    \n    \n>\n\n\n    \n    \n<\/div>\n\n         \n          \n          <div class=\"breakdance-form-field breakdance-form-field--textarea\" >\n    \n            <label class=\"breakdance-form-field__label\" for=\"deyzbg\">\n            Dodatkowe pytania<\/span>\n        <\/label>\n    \n    <textarea\n    class=\"breakdance-form-field__input\"\n    id=\"deyzbg\"\n    aria-describedby=\"deyzbg\"\n    type=\"textarea\"\n    name=\"fields[deyzbg]\"\n        placeholder=\"\"\n    \n    >\n<\/textarea>\n\n\n    \n    \n<\/div>\n\n         \n          \n          <div class=\"breakdance-form-field breakdance-form-field--checkbox\" >\n    \n    \n        <div class=\"breakdance-form-checkbox\">\n        <input\n            type=\"checkbox\"\n            name=\"fields[pfxeqk]\"\n            value=\"Akceptuje &lt;a href=&quot;venomcars.net\/polityka-prywatnosci&quot;&gt; Polityke prywatno\u015bci&lt;a&gt;\"\n            id=\"pfxeqk-1\"\n            \n                    >\n        <label class=\"breakdance-form-checkbox__text\" for=\"pfxeqk-1\">Akceptuje <a href=\"venomcars.net\/polityka-prywatnosci\"> Polityke prywatno\u015bci<a><\/label>\n    <\/div>\n\n\n    \n    \n<\/div>\n\n         \n  \n\n<footer class=\"breakdance-form-field breakdance-form-footer\">\n    \n    \n                                    \n    \n            <button type=\"submit\" class=\"button-atom button-atom--primary breakdance-form-button breakdance-form-button__submit\" >\n    \n        <span class=\"button-atom__text\">Wy\u015blij<\/span>\n\n        \n        \n            <\/button>\n    \n    <input type=\"hidden\" name=\"form_id\" value=\"102\">\n    <input type=\"hidden\" name=\"post_id\" value=\"663\">\n<\/footer>\n\n  \n<\/form>\n\n         \n\n         <\/div><div class=\"bde-rich-text-663-107 bde-rich-text breakdance-rich-text-styles\">\n          \n          <h2> Porsche z imponuj\u0105cymi osi\u0105gami<\/h2>\n<p>Ten model pojazdu przede wszystkim jest&nbsp;autem&nbsp;sportowym, wi\u0119c przy jego wynajmie mo\u017cesz&nbsp;spodziewa\u0107 si\u0119 imponuj\u0105cej mocy silnika. Porsche to legendarna marka z wieloletni\u0105 histori\u0105, kt\u00f3ra zacz\u0119\u0142a si\u0119 w 1931 roku. Dzi\u0119ki du\u017cemu do\u015bwiadczeniu w projektowaniu samochod\u00f3w wy\u015bcigowych wypracowa\u0142a innowacyjne rozwi\u0105zania z zakresu dynamiki jazdy. Z jednej strony, model Cayman&nbsp;z naszej wypo\u017cyczalni przyspiesza niezwykle p\u0142ynnie i ma wysokie osi\u0105gi, z drugiej wyr\u00f3\u017cnia si\u0119 du\u017c\u0105 przyczepno\u015bci\u0105 i \u0142atwo kontrolowa\u0107 go na drodze niezale\u017cnie od warunk\u00f3w pogodowych.<\/p>\n<h2>Presti\u017cowy design Porsche<\/h2>\n<p>Sportowe samochody maj\u0105 charakterystyczny, aerodynamiczny design. S\u0142u\u017cy zmniejszeniu oporu powietrza i zwi\u0119kszeniu przyczepno\u015bci. Wygl\u0105d Porsche Cayman niejednego kierowc\u0119 przyprawi o szybsze bicie serca. P\u0142ynne, zakrzywione linie, nisko osadzona maska, logo marki i du\u017ce reflektory tworz\u0105 wyj\u0105tkowy efekt. Wynajem tego auta sprawi, \u017ce poczujesz presti\u017c i przyci\u0105gniesz spojrzenia przechodni\u00f3w. W naszej wypo\u017cyczalni znajdziesz model w \u017cywym, czerwonym kolorze, kt\u00f3ry kojarzy si\u0119 z energi\u0105 i pasj\u0105 oraz nawi\u0105zuje do tradycji sport\u00f3w motoryzacyjnych.<\/p>\n<h2>Wyposa\u017cenie Porsche Cayman<\/h2>\n<p>Nasze luksusowe auta na wynajem maj\u0105 sportowy charakter, a zarazem s\u0105 bardzo komfortowe. Jako do\u015bwiadczona wypo\u017cyczalnia Porsche Cayman dobrze wiemy, jak zadba\u0107 o ten samoch\u00f3d. Dzi\u0119ki temu oferujemy pojazdy, kt\u00f3re wci\u0105\u017c pachn\u0105 nowo\u015bci\u0105 i s\u0105 w idealnym stanie. W wyposa\u017ceniu znajduj\u0105 si\u0119 mi\u0119dzy innymi wygodne, fotele z alcantary z elektryczn\u0105 regulacj\u0105 i zaawansowany system nag\u0142o\u015bnienia, pozwalaj\u0105cy po\u0142\u0105czy\u0107 przyjemno\u015b\u0107 szybkiej jazdy z odtwarzaniem ulubionej muzyki. Dwustrefowa klimatyzacja sprawia, \u017ce w aucie zawsze panuje idealna temperatura.<\/p>\n<h2>Wypo\u017cyczalnia sportowych samochod\u00f3w<\/h2>\n<p>Na bezpiecze\u0144stwo kierowcy i pasa\u017cer\u00f3w wp\u0142ywaj\u0105 nowoczesne systemy kontroli jazdy oraz parkowania. Wybieraj\u0105c wynajem Porsche Cayman, mo\u017cesz korzysta\u0107 z asystenta pasa ruchu, kamery cofania i monitorowania martwego pola. Do dyspozycji masz tak\u017ce nawigacj\u0119 satelitarn\u0105 i elektrycznie sterowane lusterka. Flota naszej wypo\u017cyczalni regularnie przechodzi przegl\u0105dy techniczne, przez co mamy pewno\u015b\u0107, \u017ce jest niezawodna i mo\u017cemy bezpiecznie udost\u0119pnia\u0107 j\u0105 na kr\u00f3tkie i d\u0142ugie trasy. Nie wymagamy wp\u0142acania kaucji.<\/p>\n<p>Co wyj\u0105tkowego jest w autach Porsche Cayman? Przetestuj je na w\u0142asnej sk\u00f3rze i sam odpowiedz na to pytanie. Z nami szybko dope\u0142nisz formalno\u015bci wynajmu i ruszysz w drog\u0119. Je\u015bli chcesz, mo\u017cemy podstawi\u0107 wybrany przez Ciebie samoch\u00f3d pod wskazany adres w ci\u0105gu kilku godzin. Przekonaj si\u0119, dlaczego nasza wypo\u017cyczalnia jest tak cz\u0119sto polecana przez kierowc\u00f3w.<\/p>\n         <\/div><\/div>\n         <\/section>","protected":false},"excerpt":{"rendered":"","protected":false},"author":4,"featured_media":0,"parent":0,"menu_order":0,"comment_status":"closed","ping_status":"closed","template":"","meta":{"inline_featured_image":false,"_breakdance_hide_in_design_set":false,"_breakdance_tags":"","footnotes":""},"class_list":["post-663","page","type-page","status-publish","hentry"],"yoast_head":"<!-- This site is optimized with the Yoast SEO plugin v27.4 - https:\/\/yoast.com\/product\/yoast-seo-wordpress\/ -->\n<title>Porsche CAYMAN wynajem, wypo\u017cyczalnia Porsche CAYMAN \u2013 Venom Cars<\/title>\n<meta name=\"robots\" content=\"index, follow, max-snippet:-1, max-image-preview:large, max-video-preview:-1\" \/>\n<link rel=\"canonical\" href=\"https:\/\/venomcars.pl\/?page_id=663\" \/>\n<meta property=\"og:locale\" content=\"pl_PL\" \/>\n<meta property=\"og:type\" content=\"article\" \/>\n<meta property=\"og:title\" content=\"Porsche CAYMAN wynajem, wypo\u017cyczalnia Porsche CAYMAN \u2013 Venom Cars\" \/>\n<meta property=\"og:url\" content=\"https:\/\/venomcars.pl\/?page_id=663\" \/>\n<meta property=\"og:site_name\" content=\"Venomcars\" \/>\n<meta property=\"article:publisher\" content=\"https:\/\/www.facebook.com\/Venom-Cars-Wypoyczalnia-samochodw-107974788811594?locale=pl_PL\" \/>\n<meta property=\"article:modified_time\" content=\"2024-05-14T11:32:25+00:00\" \/>\n<meta name=\"twitter:card\" content=\"summary_large_image\" \/>\n<meta name=\"twitter:label1\" content=\"Szacowany czas czytania\" \/>\n\t<meta name=\"twitter:data1\" content=\"3 minuty\" \/>\n<script type=\"application\/ld+json\" class=\"yoast-schema-graph\">{\"@context\":\"https:\\\/\\\/schema.org\",\"@graph\":[{\"@type\":\"WebPage\",\"@id\":\"https:\\\/\\\/venomcars.pl\\\/?page_id=663\",\"url\":\"https:\\\/\\\/venomcars.pl\\\/?page_id=663\",\"name\":\"Porsche CAYMAN wynajem, wypo\u017cyczalnia Porsche CAYMAN \u2013 Venom Cars\",\"isPartOf\":{\"@id\":\"https:\\\/\\\/venomcars.pl\\\/#website\"},\"datePublished\":\"2023-12-20T09:03:43+00:00\",\"dateModified\":\"2024-05-14T11:32:25+00:00\",\"breadcrumb\":{\"@id\":\"https:\\\/\\\/venomcars.pl\\\/?page_id=663#breadcrumb\"},\"inLanguage\":\"pl-PL\",\"potentialAction\":[{\"@type\":\"ReadAction\",\"target\":[\"https:\\\/\\\/venomcars.pl\\\/?page_id=663\"]}]},{\"@type\":\"BreadcrumbList\",\"@id\":\"https:\\\/\\\/venomcars.pl\\\/?page_id=663#breadcrumb\",\"itemListElement\":[{\"@type\":\"ListItem\",\"position\":1,\"name\":\"Strona g\u0142\u00f3wna\",\"item\":\"https:\\\/\\\/venomcars.pl\\\/\"},{\"@type\":\"ListItem\",\"position\":2,\"name\":\"Wynajem Porsche CAYMAN\"}]},{\"@type\":\"WebSite\",\"@id\":\"https:\\\/\\\/venomcars.pl\\\/#website\",\"url\":\"https:\\\/\\\/venomcars.pl\\\/\",\"name\":\"Venom Cars\",\"description\":\"\",\"publisher\":{\"@id\":\"https:\\\/\\\/venomcars.pl\\\/#organization\"},\"potentialAction\":[{\"@type\":\"SearchAction\",\"target\":{\"@type\":\"EntryPoint\",\"urlTemplate\":\"https:\\\/\\\/venomcars.pl\\\/?s={search_term_string}\"},\"query-input\":{\"@type\":\"PropertyValueSpecification\",\"valueRequired\":true,\"valueName\":\"search_term_string\"}}],\"inLanguage\":\"pl-PL\"},{\"@type\":\"Organization\",\"@id\":\"https:\\\/\\\/venomcars.pl\\\/#organization\",\"name\":\"Venom Cars\",\"url\":\"https:\\\/\\\/venomcars.pl\\\/\",\"logo\":{\"@type\":\"ImageObject\",\"inLanguage\":\"pl-PL\",\"@id\":\"https:\\\/\\\/venomcars.pl\\\/#\\\/schema\\\/logo\\\/image\\\/\",\"url\":\"https:\\\/\\\/venomcars.pl\\\/wp-content\\\/uploads\\\/venom-cars-black-logo.jpg\",\"contentUrl\":\"https:\\\/\\\/venomcars.pl\\\/wp-content\\\/uploads\\\/venom-cars-black-logo.jpg\",\"width\":640,\"height\":379,\"caption\":\"Venom Cars\"},\"image\":{\"@id\":\"https:\\\/\\\/venomcars.pl\\\/#\\\/schema\\\/logo\\\/image\\\/\"},\"sameAs\":[\"https:\\\/\\\/www.facebook.com\\\/Venom-Cars-Wypoyczalnia-samochodw-107974788811594?locale=pl_PL\",\"https:\\\/\\\/www.instagram.com\\\/venom_cars_wypozyczalnia\\\/\",\"https:\\\/\\\/www.tiktok.com\\\/@venom_cars_wypozyczalnia\"]}]}<\/script>\n<!-- \/ Yoast SEO plugin. -->","yoast_head_json":{"title":"Porsche CAYMAN wynajem, wypo\u017cyczalnia Porsche CAYMAN \u2013 Venom Cars","robots":{"index":"index","follow":"follow","max-snippet":"max-snippet:-1","max-image-preview":"max-image-preview:large","max-video-preview":"max-video-preview:-1"},"canonical":"https:\/\/venomcars.pl\/?page_id=663","og_locale":"pl_PL","og_type":"article","og_title":"Porsche CAYMAN wynajem, wypo\u017cyczalnia Porsche CAYMAN \u2013 Venom Cars","og_url":"https:\/\/venomcars.pl\/?page_id=663","og_site_name":"Venomcars","article_publisher":"https:\/\/www.facebook.com\/Venom-Cars-Wypoyczalnia-samochodw-107974788811594?locale=pl_PL","article_modified_time":"2024-05-14T11:32:25+00:00","twitter_card":"summary_large_image","twitter_misc":{"Szacowany czas czytania":"3 minuty"},"schema":{"@context":"https:\/\/schema.org","@graph":[{"@type":"WebPage","@id":"https:\/\/venomcars.pl\/?page_id=663","url":"https:\/\/venomcars.pl\/?page_id=663","name":"Porsche CAYMAN wynajem, wypo\u017cyczalnia Porsche CAYMAN \u2013 Venom Cars","isPartOf":{"@id":"https:\/\/venomcars.pl\/#website"},"datePublished":"2023-12-20T09:03:43+00:00","dateModified":"2024-05-14T11:32:25+00:00","breadcrumb":{"@id":"https:\/\/venomcars.pl\/?page_id=663#breadcrumb"},"inLanguage":"pl-PL","potentialAction":[{"@type":"ReadAction","target":["https:\/\/venomcars.pl\/?page_id=663"]}]},{"@type":"BreadcrumbList","@id":"https:\/\/venomcars.pl\/?page_id=663#breadcrumb","itemListElement":[{"@type":"ListItem","position":1,"name":"Strona g\u0142\u00f3wna","item":"https:\/\/venomcars.pl\/"},{"@type":"ListItem","position":2,"name":"Wynajem Porsche CAYMAN"}]},{"@type":"WebSite","@id":"https:\/\/venomcars.pl\/#website","url":"https:\/\/venomcars.pl\/","name":"Venom Cars","description":"","publisher":{"@id":"https:\/\/venomcars.pl\/#organization"},"potentialAction":[{"@type":"SearchAction","target":{"@type":"EntryPoint","urlTemplate":"https:\/\/venomcars.pl\/?s={search_term_string}"},"query-input":{"@type":"PropertyValueSpecification","valueRequired":true,"valueName":"search_term_string"}}],"inLanguage":"pl-PL"},{"@type":"Organization","@id":"https:\/\/venomcars.pl\/#organization","name":"Venom Cars","url":"https:\/\/venomcars.pl\/","logo":{"@type":"ImageObject","inLanguage":"pl-PL","@id":"https:\/\/venomcars.pl\/#\/schema\/logo\/image\/","url":"https:\/\/venomcars.pl\/wp-content\/uploads\/venom-cars-black-logo.jpg","contentUrl":"https:\/\/venomcars.pl\/wp-content\/uploads\/venom-cars-black-logo.jpg","width":640,"height":379,"caption":"Venom Cars"},"image":{"@id":"https:\/\/venomcars.pl\/#\/schema\/logo\/image\/"},"sameAs":["https:\/\/www.facebook.com\/Venom-Cars-Wypoyczalnia-samochodw-107974788811594?locale=pl_PL","https:\/\/www.instagram.com\/venom_cars_wypozyczalnia\/","https:\/\/www.tiktok.com\/@venom_cars_wypozyczalnia"]}]}},"_links":{"self":[{"href":"https:\/\/venomcars.pl\/index.php?rest_route=\/wp\/v2\/pages\/663","targetHints":{"allow":["GET"]}}],"collection":[{"href":"https:\/\/venomcars.pl\/index.php?rest_route=\/wp\/v2\/pages"}],"about":[{"href":"https:\/\/venomcars.pl\/index.php?rest_route=\/wp\/v2\/types\/page"}],"author":[{"embeddable":true,"href":"https:\/\/venomcars.pl\/index.php?rest_route=\/wp\/v2\/users\/4"}],"replies":[{"embeddable":true,"href":"https:\/\/venomcars.pl\/index.php?rest_route=%2Fwp%2Fv2%2Fcomments&post=663"}],"version-history":[{"count":6,"href":"https:\/\/venomcars.pl\/index.php?rest_route=\/wp\/v2\/pages\/663\/revisions"}],"predecessor-version":[{"id":815,"href":"https:\/\/venomcars.pl\/index.php?rest_route=\/wp\/v2\/pages\/663\/revisions\/815"}],"wp:attachment":[{"href":"https:\/\/venomcars.pl\/index.php?rest_route=%2Fwp%2Fv2%2Fmedia&parent=663"}],"curies":[{"name":"wp","href":"https:\/\/api.w.org\/{rel}","templated":true}]}}