{"id":669,"date":"2023-12-20T09:04:19","date_gmt":"2023-12-20T09:04:19","guid":{"rendered":"https:\/\/venomcars.pl\/?page_id=669"},"modified":"2024-05-14T11:29:03","modified_gmt":"2024-05-14T11:29:03","slug":"wynajem-bmw-330i","status":"publish","type":"page","link":"https:\/\/venomcars.pl\/?page_id=669","title":{"rendered":"Wynajem BMW 330i"},"content":{"rendered":"<section class=\"bde-section-669-100 bde-section\">\n          \n          \n  \n\t\n\n\n\n<div class=\"section-container\"><div class=\"bde-div-669-103 bde-div\">\n          \n          \n  \n\t\n\n\n\n<h1 class=\"bde-heading-669-101 bde-heading\">\n          \n          Wynajem BMW 330i\n         <\/h1><div class=\"bde-image-669-105 bde-image sem-img\">\n          \n           \n\n\n\n\n\n<figure class=\"breakdance-image breakdance-image--479\">\n\t<div class=\"breakdance-image-container\">\n\t\t<div class=\"breakdance-image-clip\">\n\t\t\t\n\t\t\t\t\n\t\t\t\t\t      \n  \n  \n  \n  \n      \n      <img decoding=\"async\"\n      class=\"breakdance-image-object\"\n      src=\"https:\/\/venomcars.pl\/wp-content\/uploads\/IMG_61091-scaled-e1687863824791.jpeg\"\n      width=\"1000\"\n      height=\"667\"\n      alt=\"Wypo\u017cyczalnia BMW 330i \u2013 Venom Cars\"\n      loading=\"lazy\"\n              srcset=\"https:\/\/venomcars.pl\/wp-content\/uploads\/IMG_61091-scaled-e1687863824791.jpeg 1000w, https:\/\/venomcars.pl\/wp-content\/uploads\/IMG_61091-scaled-e1687863824791-300x200.jpeg 300w, https:\/\/venomcars.pl\/wp-content\/uploads\/IMG_61091-scaled-e1687863824791-768x512.jpeg 768w\"\n              sizes=\"auto, (max-width: 1000px) 100vw, 1000px\"\n          >\n  \n\n\t\t\t\t\t\n\t\t\t\t\t\t<\/div>\n\t<\/div>\n\n\t<\/figure>\n\n         <\/div>\n         <\/div><div class=\"bde-rich-text-669-106 bde-rich-text breakdance-rich-text-styles\">\n          \n          <p>Chyba nie ma bardziej \u201eniemieckich\u201d samochod\u00f3w&nbsp;ni\u017c te, kt\u00f3re w swoim logo nosz\u0105 barwy Bawarii. Jednak nie tylko to \u015bwiadczy o jego pochodzeniu. Dost\u0119pny na wynajem BMW 330i to prawdziwy szyk, najwy\u017csza klasa, funkcjonalno\u015b\u0107, ale i nieoczywista drapie\u017cno\u015b\u0107. Model ten jest troch\u0119 jak czaruj\u0105cy szpieg \u201edouble 0\u201d \u2013 potrafi urzec elegancj\u0105 i luksusem, ale&nbsp;gdy zajdzie taka potrzeba, dzia\u0142a na najwy\u017cszych obrotach. Nic dziwnego, \u017ce ka\u017cdy, kto odwiedza nasz\u0105 wypo\u017cyczalni\u0119, wzdycha na jego widok z podziwem. Chcesz pozna\u0107 bli\u017cej t\u0119 maszyn\u0119 gwarantuj\u0105c\u0105 komfortow\u0105 i stylow\u0105 podr\u00f3\u017c, ale i umo\u017cliwiaj\u0105c\u0105 zaznanie&nbsp;silniejszych emocji? Zach\u0119camy do zapoznania si\u0119 z ofert\u0105!<\/p>\n         <\/div><div class=\"bde-form-builder-669-102 bde-form-builder\">\n          \n          \n          \n          \n<form id=\"contact-form102\" class=\"breakdance-form breakdance-form--vertical \" data-options=\"{&quot;slug&quot;:&quot;custom&quot;,&quot;name&quot;:&quot;Contact Form&quot;,&quot;ajaxUrl&quot;:&quot;https:\\\/\\\/venomcars.pl\\\/wp-admin\\\/admin-ajax.php&quot;,&quot;clearOnSuccess&quot;:true,&quot;hideOnSuccess&quot;:false,&quot;successMessage&quot;:&quot;Twoja rezerwacja zosta\\u0142a wys\\u0142ana, niebawem si\\u0119 odezwiemy w celu potwierdzenia.&quot;,&quot;errorMessage&quot;:&quot;Co\\u015b posz\\u0142o nie tak&quot;,&quot;redirect&quot;:false,&quot;redirectUrl&quot;:null,&quot;customJavaScript&quot;:null,&quot;recaptcha&quot;:{&quot;key&quot;:&quot;6Lc_sK0kAAAAALs3BcvlDZlemsAblS1EltmsjQmm&quot;,&quot;enabled&quot;:true},&quot;honeypot_enabled&quot;:false,&quot;popupsOnSuccess&quot;:[],&quot;popupsOnError&quot;:[]}\" data-steps=\"0\" >\n  \n  \n  \n          \n          <div class=\"breakdance-form-field breakdance-form-field--select\" >\n    \n            <label class=\"breakdance-form-field__label\" for=\"zyadwo\">\n            Wybierz pojazd<span class=\"breakdance-form-field__required\">*<\/span><\/span>\n        <\/label>\n    \n    <select\n    class=\"breakdance-form-field__input\"\n    id=\"zyadwo\"\n    name=\"fields[zyadwo]\"\n    required\n    \n        >\n      <option value=\"\">Select...<\/option>\n          <option value=\"BMW 330i\" selected>BMW 330i<\/option>\n  <\/select>\n\n\n    \n    \n<\/div>\n\n         \n          \n          <div class=\"breakdance-form-field breakdance-form-field--date\" >\n    \n            <label class=\"breakdance-form-field__label\" for=\"wspecr\">\n            Data odbioru<span class=\"breakdance-form-field__required\">*<\/span><\/span>\n        <\/label>\n    \n    <input\n    class=\"breakdance-form-field__input\"\n    id=\"wspecr\"\n    aria-describedby=\"wspecr\"\n    type=\"date\"\n    name=\"fields[wspecr]\"\n    placeholder=\"\"\n    value=\"\"\n        \n    \n    \n    required\n    \n    \n>\n\n\n    \n    \n<\/div>\n\n         \n          \n          <div class=\"breakdance-form-field breakdance-form-field--date\" >\n    \n            <label class=\"breakdance-form-field__label\" for=\"uheojv\">\n            Data oddania<span class=\"breakdance-form-field__required\">*<\/span><\/span>\n        <\/label>\n    \n    <input\n    class=\"breakdance-form-field__input\"\n    id=\"uheojv\"\n    aria-describedby=\"uheojv\"\n    type=\"date\"\n    name=\"fields[uheojv]\"\n    placeholder=\"\"\n    value=\"\"\n        \n    \n    \n    required\n    \n    \n>\n\n\n    \n    \n<\/div>\n\n         \n          \n          <div class=\"breakdance-form-field breakdance-form-field--checkbox\" >\n    \n    \n        <div class=\"breakdance-form-checkbox\">\n        <input\n            type=\"checkbox\"\n            name=\"fields[mlsfeq]\"\n            value=\"Mam kod promocyjny\"\n            id=\"mlsfeq-1\"\n            \n                    >\n        <label class=\"breakdance-form-checkbox__text\" for=\"mlsfeq-1\">Mam kod promocyjny<\/label>\n    <\/div>\n\n\n    \n    \n<\/div>\n\n         \n          \n          <div class=\"breakdance-form-field breakdance-form-field--text\" >\n    \n    \n    <input\n    class=\"breakdance-form-field__input\"\n    id=\"iqkrtg\"\n    aria-describedby=\"iqkrtg\"\n    type=\"text\"\n    name=\"fields[iqkrtg]\"\n    placeholder=\"Wpisz sw\u00f3j kod\"\n    value=\"\"\n          data-conditional-field-id=\"mlsfeq\"\n              data-conditional-value=\"\"\n            data-conditional-operand=\"is set\"\n        \n    \n    \n    \n    \n    \n>\n\n\n    \n    \n<\/div>\n\n         \n          \n          <div class=\"breakdance-form-field breakdance-form-field--text\" >\n    \n            <label class=\"breakdance-form-field__label\" for=\"name\">\n            Imi\u0119<span class=\"breakdance-form-field__required\">*<\/span><\/span>\n        <\/label>\n    \n    <input\n    class=\"breakdance-form-field__input\"\n    id=\"name\"\n    aria-describedby=\"name\"\n    type=\"text\"\n    name=\"fields[name]\"\n    placeholder=\"\"\n    value=\"\"\n        \n    \n    \n    required\n    \n    \n>\n\n\n    \n    \n<\/div>\n\n         \n          \n          <div class=\"breakdance-form-field breakdance-form-field--text\" >\n    \n            <label class=\"breakdance-form-field__label\" for=\"obgoee\">\n            Nazwisko<span class=\"breakdance-form-field__required\">*<\/span><\/span>\n        <\/label>\n    \n    <input\n    class=\"breakdance-form-field__input\"\n    id=\"obgoee\"\n    aria-describedby=\"obgoee\"\n    type=\"text\"\n    name=\"fields[obgoee]\"\n    placeholder=\"\"\n    value=\"\"\n        \n    \n    \n    required\n    \n    \n>\n\n\n    \n    \n<\/div>\n\n         \n          \n          <div class=\"breakdance-form-field breakdance-form-field--email\" >\n    \n            <label class=\"breakdance-form-field__label\" for=\"email\">\n            Email<span class=\"breakdance-form-field__required\">*<\/span><\/span>\n        <\/label>\n    \n    <input\n    class=\"breakdance-form-field__input\"\n    id=\"email\"\n    aria-describedby=\"email\"\n    type=\"email\"\n    name=\"fields[email]\"\n    placeholder=\"\"\n    value=\"\"\n        \n    \n    \n    required\n    \n    \n>\n\n\n    \n    \n<\/div>\n\n         \n          \n          <div class=\"breakdance-form-field breakdance-form-field--tel\" >\n    \n            <label class=\"breakdance-form-field__label\" for=\"vqxllt\">\n            Telefon<span class=\"breakdance-form-field__required\">*<\/span><\/span>\n        <\/label>\n    \n    <input\n    class=\"breakdance-form-field__input\"\n    id=\"vqxllt\"\n    aria-describedby=\"vqxllt\"\n    type=\"tel\"\n    name=\"fields[vqxllt]\"\n    placeholder=\"\"\n    value=\"\"\n        \n    \n    \n    required\n    \n    \n>\n\n\n    \n    \n<\/div>\n\n         \n          \n          <div class=\"breakdance-form-field breakdance-form-field--textarea\" >\n    \n            <label class=\"breakdance-form-field__label\" for=\"deyzbg\">\n            Dodatkowe pytania<\/span>\n        <\/label>\n    \n    <textarea\n    class=\"breakdance-form-field__input\"\n    id=\"deyzbg\"\n    aria-describedby=\"deyzbg\"\n    type=\"textarea\"\n    name=\"fields[deyzbg]\"\n        placeholder=\"\"\n    \n    >\n<\/textarea>\n\n\n    \n    \n<\/div>\n\n         \n          \n          <div class=\"breakdance-form-field breakdance-form-field--checkbox\" >\n    \n    \n        <div class=\"breakdance-form-checkbox\">\n        <input\n            type=\"checkbox\"\n            name=\"fields[pfxeqk]\"\n            value=\"Akceptuje &lt;a href=&quot;venomcars.net\/polityka-prywatnosci&quot;&gt; Polityke prywatno\u015bci&lt;a&gt;\"\n            id=\"pfxeqk-1\"\n            \n                    >\n        <label class=\"breakdance-form-checkbox__text\" for=\"pfxeqk-1\">Akceptuje <a href=\"venomcars.net\/polityka-prywatnosci\"> Polityke prywatno\u015bci<a><\/label>\n    <\/div>\n\n\n    \n    \n<\/div>\n\n         \n  \n\n<footer class=\"breakdance-form-field breakdance-form-footer\">\n    \n    \n                                    \n    \n            <button type=\"submit\" class=\"button-atom button-atom--primary breakdance-form-button breakdance-form-button__submit\" >\n    \n        <span class=\"button-atom__text\">Wy\u015blij<\/span>\n\n        \n        \n            <\/button>\n    \n    <input type=\"hidden\" name=\"form_id\" value=\"102\">\n    <input type=\"hidden\" name=\"post_id\" value=\"669\">\n<\/footer>\n\n  \n<\/form>\n\n         \n\n         <\/div><div class=\"bde-rich-text-669-107 bde-rich-text breakdance-rich-text-styles\">\n          \n          <h2> BMW 330i \u2013 elegancki, sportowy samoch\u00f3d na ka\u017cd\u0105 okazj\u0119<\/h2>\n<p>Ten samoch\u00f3d to VIP sam w sobie. Kiedy pojawia si\u0119 publicznie, budzi respekt. Nie tylko swoim wygl\u0105dem, ale i brzmieniem. Poruszaj\u0105c si\u0119 po mie\u015bcie czy innych trasach&nbsp;BMW 330i, kt\u00f3ry oferuje nasza wypo\u017cyczalnia na wynajem, na pewno zrobisz na otoczeniu niema\u0142e wra\u017cenie. To, jak wiemy, w wielu sytuacjach jeden z najbardziej po\u017c\u0105danych efekt\u00f3w.<\/p>\n<p>Komfortowo wyposa\u017cone wn\u0119trze i pi\u0119kna linia sprawia, \u017ce to przede wszystkim znakomity wyb\u00f3r na wa\u017cn\u0105 podr\u00f3\u017c biznesow\u0105. Liczne nowoczesne rozwi\u0105zania zastosowane w modelach z serii 3 pomog\u0105 Ci \u0142atwiej dotrze\u0107 do celu i skuteczniej trzyma\u0107 kontrol\u0119 nad wybranymi wska\u017anikami. Z drugiej strony \u2013 wynajem BMW 330i to r\u00f3wnie\u017c \u015bwietny pomys\u0142 na to, by odpowiednio ugo\u015bci\u0107 wa\u017cnego klienta lub potencjalnego partnera w interesach. Wybieraj\u0105c to auto z naszej wypo\u017cyczalni, na pewno przejazd mi\u0119dzy r\u00f3\u017cnymi punktami w mie\u015bcie b\u0119dzie dla niego komfortowy.<\/p>\n<p>A mo\u017ce organizujesz stylowe wesele? Zar\u00f3wno do ko\u015bcio\u0142a, jak i na miejsce zabawy musisz podjecha\u0107 odpowiedni\u0105 \u201ekaroc\u0105\u201d. Szykowna \u201ebeemka\u201d 3 z wypo\u017cyczalni Venom Cars to rewelacyjna opcja! Gwarantujemy, \u017ce to b\u0119dzie doskona\u0142a kropka nad \u201ei\u201d, dope\u0142niaj\u0105ca ten wyj\u0105tkowy dzie\u0144.<\/p>\n<h2>Czemu warto postawi\u0107 na wynajem tego samochodu?<\/h2>\n<p>Przyjrzyjmy si\u0119 bli\u017cej, dlaczego BMW 330i jest tak atrakcyjne. Dynamiczny, ale wci\u0105\u017c klasyczny i elegancki design zewn\u0119trzny to zdecydowanie jedna z najsilniejszych stron tego auta. Dlatego to jeden z najbardziej uniwersalnych pojazd\u00f3w na wynajem, pasuj\u0105cy&nbsp;do r\u00f3\u017cnych okoliczno\u015bci. Co natomiast czeka wewn\u0105trz?<\/p>\n<p>Nowoczesny kokpit z szerokim, zakrzywionym wy\u015bwietlaczem i czytelnym panelem nad kierownic\u0105 oraz BMW Head-Up \u2013 czyli projekcj\u0105 optyczn\u0105 na przedniej szybie z najwa\u017cniejszymi wska\u017anikami i nawigacj\u0105 GPS. Pod praw\u0105 r\u0119k\u0105 za\u015b znajduje si\u0119 subtelna, nowoczesna d\u017awignia zmiany bieg\u00f3w. Wszyscy podr\u00f3\u017cni za\u015b mog\u0105 liczy\u0107 na najwy\u017cszy komfort. Wygodne fotele, elegancka, starannie uszyta tapicerka, klasyczna, a jednak z pewn\u0105 doz\u0105 sportowego designu\u2026<\/p>\n<p>Co z kolei kryje si\u0119 pod mask\u0105? Dost\u0119pny w naszej wypo\u017cyczalni BMW 330i na wynajem ma silnik z 245-cioma ko\u0144mi mechanicznymi, zapewniaj\u0105cy przyspieszenie od 0 do 100 w ci\u0105gu nieca\u0142ych 6 sekund. Jest wi\u0119c zrywny, ale jednocze\u015bnie w pewien spos\u00f3b stonowany.<\/p>\n<h2>Zdob\u0105d\u017a ju\u017c teraz BMW 330i \u2013 zg\u0142o\u015b si\u0119 do naszej wypo\u017cyczalni!<\/h2>\n<p>Ju\u017c teraz zach\u0119camy do skorzystania z prezentowanej oferty, tym bardziej \u017ce wynajem jest tak prosty! Nie wymagamy tak\u017ce kaucji! Zg\u0142o\u015b si\u0119 przez formularz, podaj potrzebne dane, a gdy podpiszemy umow\u0119 i rozliczymy si\u0119, wypo\u017cyczalnia Venom Cars dostarczy BMW 330i pod wskazany przez Ciebie adres!<\/p>\n         <\/div><\/div>\n         <\/section>","protected":false},"excerpt":{"rendered":"","protected":false},"author":4,"featured_media":0,"parent":0,"menu_order":0,"comment_status":"closed","ping_status":"closed","template":"","meta":{"inline_featured_image":false,"_breakdance_hide_in_design_set":false,"_breakdance_tags":"","footnotes":""},"class_list":["post-669","page","type-page","status-publish","hentry"],"yoast_head":"<!-- This site is optimized with the Yoast SEO plugin v27.4 - https:\/\/yoast.com\/product\/yoast-seo-wordpress\/ -->\n<title>BMW 330i wynajem, wypo\u017cyczalnia BMW 330i \u2013 Venom Cars<\/title>\n<meta name=\"robots\" content=\"index, follow, max-snippet:-1, max-image-preview:large, max-video-preview:-1\" \/>\n<link rel=\"canonical\" href=\"https:\/\/venomcars.pl\/?page_id=669\" \/>\n<meta property=\"og:locale\" content=\"pl_PL\" \/>\n<meta property=\"og:type\" content=\"article\" \/>\n<meta property=\"og:title\" content=\"BMW 330i wynajem, wypo\u017cyczalnia BMW 330i \u2013 Venom Cars\" \/>\n<meta property=\"og:url\" content=\"https:\/\/venomcars.pl\/?page_id=669\" \/>\n<meta property=\"og:site_name\" content=\"Venomcars\" \/>\n<meta property=\"article:publisher\" content=\"https:\/\/www.facebook.com\/Venom-Cars-Wypoyczalnia-samochodw-107974788811594?locale=pl_PL\" \/>\n<meta property=\"article:modified_time\" content=\"2024-05-14T11:29:03+00:00\" \/>\n<meta name=\"twitter:card\" content=\"summary_large_image\" \/>\n<meta name=\"twitter:label1\" content=\"Szacowany czas czytania\" \/>\n\t<meta name=\"twitter:data1\" content=\"1 minuta\" \/>\n<script type=\"application\/ld+json\" class=\"yoast-schema-graph\">{\"@context\":\"https:\\\/\\\/schema.org\",\"@graph\":[{\"@type\":\"WebPage\",\"@id\":\"https:\\\/\\\/venomcars.pl\\\/?page_id=669\",\"url\":\"https:\\\/\\\/venomcars.pl\\\/?page_id=669\",\"name\":\"BMW 330i wynajem, wypo\u017cyczalnia BMW 330i \u2013 Venom Cars\",\"isPartOf\":{\"@id\":\"https:\\\/\\\/venomcars.pl\\\/#website\"},\"datePublished\":\"2023-12-20T09:04:19+00:00\",\"dateModified\":\"2024-05-14T11:29:03+00:00\",\"breadcrumb\":{\"@id\":\"https:\\\/\\\/venomcars.pl\\\/?page_id=669#breadcrumb\"},\"inLanguage\":\"pl-PL\",\"potentialAction\":[{\"@type\":\"ReadAction\",\"target\":[\"https:\\\/\\\/venomcars.pl\\\/?page_id=669\"]}]},{\"@type\":\"BreadcrumbList\",\"@id\":\"https:\\\/\\\/venomcars.pl\\\/?page_id=669#breadcrumb\",\"itemListElement\":[{\"@type\":\"ListItem\",\"position\":1,\"name\":\"Strona g\u0142\u00f3wna\",\"item\":\"https:\\\/\\\/venomcars.pl\\\/\"},{\"@type\":\"ListItem\",\"position\":2,\"name\":\"Wynajem BMW 330i\"}]},{\"@type\":\"WebSite\",\"@id\":\"https:\\\/\\\/venomcars.pl\\\/#website\",\"url\":\"https:\\\/\\\/venomcars.pl\\\/\",\"name\":\"Venom Cars\",\"description\":\"\",\"publisher\":{\"@id\":\"https:\\\/\\\/venomcars.pl\\\/#organization\"},\"potentialAction\":[{\"@type\":\"SearchAction\",\"target\":{\"@type\":\"EntryPoint\",\"urlTemplate\":\"https:\\\/\\\/venomcars.pl\\\/?s={search_term_string}\"},\"query-input\":{\"@type\":\"PropertyValueSpecification\",\"valueRequired\":true,\"valueName\":\"search_term_string\"}}],\"inLanguage\":\"pl-PL\"},{\"@type\":\"Organization\",\"@id\":\"https:\\\/\\\/venomcars.pl\\\/#organization\",\"name\":\"Venom Cars\",\"url\":\"https:\\\/\\\/venomcars.pl\\\/\",\"logo\":{\"@type\":\"ImageObject\",\"inLanguage\":\"pl-PL\",\"@id\":\"https:\\\/\\\/venomcars.pl\\\/#\\\/schema\\\/logo\\\/image\\\/\",\"url\":\"https:\\\/\\\/venomcars.pl\\\/wp-content\\\/uploads\\\/venom-cars-black-logo.jpg\",\"contentUrl\":\"https:\\\/\\\/venomcars.pl\\\/wp-content\\\/uploads\\\/venom-cars-black-logo.jpg\",\"width\":640,\"height\":379,\"caption\":\"Venom Cars\"},\"image\":{\"@id\":\"https:\\\/\\\/venomcars.pl\\\/#\\\/schema\\\/logo\\\/image\\\/\"},\"sameAs\":[\"https:\\\/\\\/www.facebook.com\\\/Venom-Cars-Wypoyczalnia-samochodw-107974788811594?locale=pl_PL\",\"https:\\\/\\\/www.instagram.com\\\/venom_cars_wypozyczalnia\\\/\",\"https:\\\/\\\/www.tiktok.com\\\/@venom_cars_wypozyczalnia\"]}]}<\/script>\n<!-- \/ Yoast SEO plugin. -->","yoast_head_json":{"title":"BMW 330i wynajem, wypo\u017cyczalnia BMW 330i \u2013 Venom Cars","robots":{"index":"index","follow":"follow","max-snippet":"max-snippet:-1","max-image-preview":"max-image-preview:large","max-video-preview":"max-video-preview:-1"},"canonical":"https:\/\/venomcars.pl\/?page_id=669","og_locale":"pl_PL","og_type":"article","og_title":"BMW 330i wynajem, wypo\u017cyczalnia BMW 330i \u2013 Venom Cars","og_url":"https:\/\/venomcars.pl\/?page_id=669","og_site_name":"Venomcars","article_publisher":"https:\/\/www.facebook.com\/Venom-Cars-Wypoyczalnia-samochodw-107974788811594?locale=pl_PL","article_modified_time":"2024-05-14T11:29:03+00:00","twitter_card":"summary_large_image","twitter_misc":{"Szacowany czas czytania":"1 minuta"},"schema":{"@context":"https:\/\/schema.org","@graph":[{"@type":"WebPage","@id":"https:\/\/venomcars.pl\/?page_id=669","url":"https:\/\/venomcars.pl\/?page_id=669","name":"BMW 330i wynajem, wypo\u017cyczalnia BMW 330i \u2013 Venom Cars","isPartOf":{"@id":"https:\/\/venomcars.pl\/#website"},"datePublished":"2023-12-20T09:04:19+00:00","dateModified":"2024-05-14T11:29:03+00:00","breadcrumb":{"@id":"https:\/\/venomcars.pl\/?page_id=669#breadcrumb"},"inLanguage":"pl-PL","potentialAction":[{"@type":"ReadAction","target":["https:\/\/venomcars.pl\/?page_id=669"]}]},{"@type":"BreadcrumbList","@id":"https:\/\/venomcars.pl\/?page_id=669#breadcrumb","itemListElement":[{"@type":"ListItem","position":1,"name":"Strona g\u0142\u00f3wna","item":"https:\/\/venomcars.pl\/"},{"@type":"ListItem","position":2,"name":"Wynajem BMW 330i"}]},{"@type":"WebSite","@id":"https:\/\/venomcars.pl\/#website","url":"https:\/\/venomcars.pl\/","name":"Venom Cars","description":"","publisher":{"@id":"https:\/\/venomcars.pl\/#organization"},"potentialAction":[{"@type":"SearchAction","target":{"@type":"EntryPoint","urlTemplate":"https:\/\/venomcars.pl\/?s={search_term_string}"},"query-input":{"@type":"PropertyValueSpecification","valueRequired":true,"valueName":"search_term_string"}}],"inLanguage":"pl-PL"},{"@type":"Organization","@id":"https:\/\/venomcars.pl\/#organization","name":"Venom Cars","url":"https:\/\/venomcars.pl\/","logo":{"@type":"ImageObject","inLanguage":"pl-PL","@id":"https:\/\/venomcars.pl\/#\/schema\/logo\/image\/","url":"https:\/\/venomcars.pl\/wp-content\/uploads\/venom-cars-black-logo.jpg","contentUrl":"https:\/\/venomcars.pl\/wp-content\/uploads\/venom-cars-black-logo.jpg","width":640,"height":379,"caption":"Venom Cars"},"image":{"@id":"https:\/\/venomcars.pl\/#\/schema\/logo\/image\/"},"sameAs":["https:\/\/www.facebook.com\/Venom-Cars-Wypoyczalnia-samochodw-107974788811594?locale=pl_PL","https:\/\/www.instagram.com\/venom_cars_wypozyczalnia\/","https:\/\/www.tiktok.com\/@venom_cars_wypozyczalnia"]}]}},"_links":{"self":[{"href":"https:\/\/venomcars.pl\/index.php?rest_route=\/wp\/v2\/pages\/669","targetHints":{"allow":["GET"]}}],"collection":[{"href":"https:\/\/venomcars.pl\/index.php?rest_route=\/wp\/v2\/pages"}],"about":[{"href":"https:\/\/venomcars.pl\/index.php?rest_route=\/wp\/v2\/types\/page"}],"author":[{"embeddable":true,"href":"https:\/\/venomcars.pl\/index.php?rest_route=\/wp\/v2\/users\/4"}],"replies":[{"embeddable":true,"href":"https:\/\/venomcars.pl\/index.php?rest_route=%2Fwp%2Fv2%2Fcomments&post=669"}],"version-history":[{"count":7,"href":"https:\/\/venomcars.pl\/index.php?rest_route=\/wp\/v2\/pages\/669\/revisions"}],"predecessor-version":[{"id":810,"href":"https:\/\/venomcars.pl\/index.php?rest_route=\/wp\/v2\/pages\/669\/revisions\/810"}],"wp:attachment":[{"href":"https:\/\/venomcars.pl\/index.php?rest_route=%2Fwp%2Fv2%2Fmedia&parent=669"}],"curies":[{"name":"wp","href":"https:\/\/api.w.org\/{rel}","templated":true}]}}